{"id":1515,"date":"2021-02-11T10:01:21","date_gmt":"2021-02-11T07:01:21","guid":{"rendered":"https:\/\/www.iyiiletisim.com\/?page_id=1515"},"modified":"2021-02-17T18:13:16","modified_gmt":"2021-02-17T15:13:16","slug":"pdpl-informational-text","status":"publish","type":"page","link":"https:\/\/www.iyiiletisim.com\/eng\/pdpl-informational-text\/","title":{"rendered":"PDPL Informational Text"},"content":{"rendered":"<p>[vc_row type=&#8221;vc_default&#8221; bg_type=&#8221;image&#8221; parallax_style=&#8221;vcpb-default&#8221; bg_image_new=&#8221;id^1366|url^http:\/\/www.iyiiletisim.com\/wp-content\/uploads\/2019\/10\/ic-sayfa-bg.jpg|caption^null|alt^null|title^ic sayfa bg|description^null&#8221; bg_image_repeat=&#8221;no-repeat&#8221; bg_image_posiiton=&#8221;50% 40%&#8221; bg_override=&#8221;ex-full&#8221; enable_overlay=&#8221;enable_overlay_value&#8221; overlay_color=&#8221;rgba(0,0,0,0.5)&#8221; overlay_pattern=&#8221;transperant&#8221; css=&#8221;.vc_custom_1611012690081{padding-top: 130px !important;padding-bottom: 50px !important;background-color: #0a0a0a !important;}&#8221;][vc_column offset=&#8221;vc_col-lg-offset-0 vc_col-md-offset-0 vc_col-sm-offset-0 vc_col-xs-12&#8243;][vc_row_inner content_placement=&#8221;middle&#8221; css=&#8221;.vc_custom_1572362638484{padding-top: 6% !important;padding-bottom: 6% !important;}&#8221;][vc_column_inner offset=&#8221;vc_col-lg-12 vc_col-md-12&#8243;]<div id=\"ultimate-heading-335069e0f9ab8b8be\" class=\"uvc-heading ult-adjust-bottom-margin ultimate-heading-335069e0f9ab8b8be uvc-5607 accent-subtitle-color\" data-hspacer=\"no_spacer\"  data-halign=\"center\" style=\"text-align:center\"><div class=\"uvc-heading-spacer no_spacer\" style=\"top\"><\/div><div class=\"uvc-main-heading ult-responsive\"  data-ultimate-target='.uvc-heading.ultimate-heading-335069e0f9ab8b8be h2'  data-responsive-json-new='{\"font-size\":\"desktop:40px;tablet:30px;tablet_portrait:30px;mobile_landscape:30px;mobile:30px;\",\"line-height\":\"desktop:50px;tablet:40px;tablet_portrait:40px;mobile_landscape:40px;mobile:40px;\"}' ><h2 style=\"font-weight:bold;color:#ffffff;margin-bottom:10px;\">PDPL Informational Text<\/h2><\/div><\/div>[\/vc_column_inner][\/vc_row_inner][\/vc_column][\/vc_row][vc_row type=&#8221;vc_default&#8221; bg_type=&#8221;bg_color&#8221; css=&#8221;.vc_custom_1611041965472{padding-top: 40px !important;padding-bottom: 40px !important;}&#8221; bg_color_value=&#8221;#f7f7f7&#8243; el_id=&#8221;iyiiletisim&#8221;][vc_column offset=&#8221;vc_col-lg-offset-0 vc_col-lg-12 vc_col-md-offset-0 vc_col-md-12 vc_col-sm-offset-0 vc_col-xs-12&#8243;][vc_row_inner equal_height=&#8221;yes&#8221;][vc_column_inner css=&#8221;.vc_custom_1610581128683{padding-bottom: 70px !important;}&#8221; el_id=&#8221;iyiiletisim-title&#8221;][vc_column_text]<\/p>\n<p style=\"text-align: left;\"><b>Personal Data Protection Law (PDPL) Informational Text<\/b><\/p>\n<p style=\"text-align: left;\"><span style=\"font-weight: 400;\">This document has been prepared for the purpose of fulfilling the obligation to inform the data subject about the processing of personal data (all kinds of information relating to an identified or identifiable natural person such as his name, address, telephone number, email address) (\u201cPersonal Data\u201d) provided to and\/or collected by \u201c\u0130Y\u0130 \u0130LET\u0130\u015e\u0130M REKLAM H\u0130ZMETLER\u0130 VE F\u0130LMC\u0130L\u0130K LTD. \u015eT\u0130.\u201d as \u201cData Controller\u201d pursuant to the Law and on your rights relating to these within the framework of 10th article of Law No.6698 on the Protection of personal Data (\u201cThe Law\u201d). \u00a0<\/span><\/p>\n<p style=\"text-align: left;\"><span style=\"font-weight: 400;\">Data Controller within the scope of the Law in terms of processing of Personal Data is ICT \u0130Y\u0130 \u0130LET\u0130\u015e\u0130M REKLAM H\u0130ZMETLER\u0130 VE F\u0130LMC\u0130L\u0130K LTD. \u015eT\u0130., sited at Kepenek\u00e7i Sabunhanesi Sokak No: 206 Hali\u00e7\/\u0130STANBUL Turkey address. Thusly, your Personal Data is processed and stored by \u0130Y\u0130 \u0130LET\u0130\u015e\u0130M REKLAM H\u0130ZMETLER\u0130 VE F\u0130LMC\u0130L\u0130K LTD. \u015eT\u0130.\u00a0 in accordance with the Law.<\/span><\/p>\n<h3 style=\"text-align: left;\"><b>1. Purposes Of Personal Data Processing\u00a0<\/b><\/h3>\n<p style=\"text-align: left;\"><span style=\"font-weight: 400;\">\u0130Y\u0130 \u0130LET\u0130\u015e\u0130M REKLAM H\u0130ZMETLER\u0130 VE F\u0130LMC\u0130L\u0130K LTD. \u015eT\u0130. may process your Personal Data for the purposes such as storing personal data pursuant to the mandatory\/necessary\/useful procedures within the Law, being required by \u0130Y\u0130 \u0130LET\u0130\u015e\u0130M REKLAM H\u0130ZMETLER\u0130 VE F\u0130LMC\u0130L\u0130K LTD. \u015eT\u0130.\u00a0 for product and\/or service supply, being required to provide services to the customers of \u0130Y\u0130 \u0130LET\u0130\u015e\u0130M REKLAM H\u0130ZMETLER\u0130 VE F\u0130LMC\u0130L\u0130K LTD. \u015eT\u0130.\u00a0 under the contract, \u00a0registering the identity information, address, tax number and other information in order to determine the owner and addressee of all kinds of business and procedures to be carried out within the scope of these, issuing information and documents supporting the businesses and procedures to be carried out on paper or in electronic environment.<\/span><span style=\"font-weight: 400;\"><br \/>\n<\/span><span style=\"font-weight: 400;\">\u00a0<\/span><\/p>\n<h3 style=\"text-align: left;\"><b>2. Methods And Legal Reasons For Collecting Personal Data<\/b><\/h3>\n<p style=\"text-align: left;\"><span style=\"font-weight: 400;\">Personal Data is collected verbally, in writing or in electronic environment by \u0130Y\u0130 \u0130LET\u0130\u015e\u0130M REKLAM H\u0130ZMETLER\u0130 VE F\u0130LMC\u0130L\u0130K LTD. \u015eT\u0130.\u00a0 through all kinds of tools and channels in line with the abovementioned purposes within the scope of \u0130Y\u0130 \u0130LET\u0130\u015e\u0130M REKLAM H\u0130ZMETLER\u0130 VE F\u0130LMC\u0130L\u0130K LTD. \u015eT\u0130.\u00a0 providing products and\/or services to its customers and\/or establishing and exercising contractual or noncontractual commercial relations with TREO for any reason and on the basis of legal reasons for \u0130Y\u0130 \u0130LET\u0130\u015e\u0130M REKLAM H\u0130ZMETLER\u0130 VE F\u0130LMC\u0130L\u0130K LTD. \u015eT\u0130.\u00a0 fulfilling its obligations arising from contracts and legislations fully and properly within this framework. The Personal Data collected for these legal reasons is processed and transferred by \u0130Y\u0130 \u0130LET\u0130\u015e\u0130M REKLAM H\u0130ZMETLER\u0130 VE F\u0130LMC\u0130L\u0130K LTD. \u015eT\u0130.\u00a0 also for the purposes indicated in this text in accordance with the fundamental principles stipulated by the Law within the scope of Personal Data processing conditions and purposes laid down in the 5th and 6th articles of the Law. \u00a0 \u00a0\u00a0<\/span><\/p>\n<p>&nbsp;<\/p>\n<p style=\"text-align: left;\"><span style=\"font-weight: 400;\">\u0130Y\u0130 \u0130LET\u0130\u015e\u0130M REKLAM H\u0130ZMETLER\u0130 VE F\u0130LMC\u0130L\u0130K LTD. \u015eT\u0130.\u00a0 will collect the Personal Data only for specified, explicit and legitimate purposes and may retain it throughout the periods needed for the Personal Data processing purposes explained in the relevant section above, and will not process the Personal Data in a manner incompatible with the purposes of its collection indicated in the Law and herein; and upon disapparence of the reasons that require its processing, the personal data will be erased, destroyed or anonymized ex officio by the data controller upon the request of the data subject without prejudice to mandatory legal retention periods.<\/span><\/p>\n<h3 style=\"text-align: left;\"><b><br \/>\n<\/b><b>3. Transfer Of Personal Data\u00a0<\/b><\/h3>\n<p style=\"text-align: left;\"><span style=\"font-weight: 400;\">Personal Data can be transferred by \u0130Y\u0130 \u0130LET\u0130\u015e\u0130M REKLAM H\u0130ZMETLER\u0130 VE F\u0130LMC\u0130L\u0130K LTD. \u015eT\u0130., in order to accomplish abovementioned data processing purposes, to its business partners, customers, suppliers and producers, directly or indirectly to its affiliates at home\/abroad, \u0130Y\u0130 \u0130LET\u0130\u015e\u0130M REKLAM H\u0130ZMETLER\u0130 VE F\u0130LMC\u0130L\u0130K LTD. \u015eT\u0130.\u00a0 officials, its in-house departments, shareholders, internal and external auditors and contracted independent audit firms, legal advisors, other third parties that it receives or plans to receive consultancy, support or service, third parties that it receives or plans to receive consultancy, support or service on other \u00a0matters (including cloud computing service providers that might have servers in place in various countries), competent institutions and organizations and private persons within the framework of Personal Data processing conditions and purposes laid down in 8th and 9th articles of the Law for the purposes of \u0130Y\u0130 \u0130LET\u0130\u015e\u0130M REKLAM H\u0130ZMETLER\u0130 VE F\u0130LMC\u0130L\u0130K LTD. \u015eT\u0130.\u2019s compliance process, legal, financial, tax-related audits, and can be processed at home or abroad, and the said Personal Data can also be shared by \u0130Y\u0130 \u0130LET\u0130\u015e\u0130M REKLAM H\u0130ZMETLER\u0130 VE F\u0130LMC\u0130L\u0130K LTD. \u015eT\u0130.\u00a0 over other channels. \u00a0\u00a0<\/span><\/p>\n<h3 style=\"text-align: left;\"><b>4. The Rights Of Data Subject Regarding Personal Data\u00a0<\/b><\/h3>\n<p style=\"text-align: left;\"><span style=\"font-weight: 400;\">Data Subject has the right to apply to \u0130Y\u0130 \u0130LET\u0130\u015e\u0130M REKLAM H\u0130ZMETLER\u0130 VE F\u0130LMC\u0130L\u0130K LTD. \u015eT\u0130.\u00a0 and to;<\/span><span style=\"font-weight: 400;\"><br \/>\n<\/span><span style=\"font-weight: 400;\">\u2022\u00a0\u00a0 \u00a0Learn whether his Personal Data has been processed or not,<\/span><span style=\"font-weight: 400;\"><br \/>\n<\/span><span style=\"font-weight: 400;\">\u2022\u00a0\u00a0 \u00a0In case his personal data has been processed, request information regarding this,\u00a0<\/span><span style=\"font-weight: 400;\"><br \/>\n<\/span><span style=\"font-weight: 400;\">\u2022\u00a0\u00a0 \u00a0Learn the purpose of his Personal Data processing and whether this data is used for the intended purposes,<\/span><span style=\"font-weight: 400;\"><br \/>\n<\/span><span style=\"font-weight: 400;\">\u2022\u00a0\u00a0 \u00a0Learn any third parties, at home or abroad, to whom his Personal Data has been transferred,<\/span><span style=\"font-weight: 400;\"><br \/>\n<\/span><span style=\"font-weight: 400;\">\u2022\u00a0\u00a0 \u00a0Request the rectification of the incompletely or inaccurately processed data, if any,<\/span><span style=\"font-weight: 400;\"><br \/>\n<\/span><span style=\"font-weight: 400;\">\u2022\u00a0\u00a0 \u00a0Request his personal data to be deleted\/destroyedin accordance with the conditions set forth in 7th Article of the Law,<\/span><span style=\"font-weight: 400;\"><br \/>\n<\/span><span style=\"font-weight: 400;\">\u2022\u00a0\u00a0 \u00a0Request that third parties to whom the Personal Data is transferred are notified of any procedures carried out pursuant to (d) and (e) above,<\/span><span style=\"font-weight: 400;\"><br \/>\n<\/span><span style=\"font-weight: 400;\">\u2022\u00a0\u00a0 \u00a0Object to any results that are detrimental to him as a consequence of the analysis of personal data exclusively through automated systems,<\/span><span style=\"font-weight: 400;\"><br \/>\n<\/span><span style=\"font-weight: 400;\">\u2022\u00a0\u00a0 \u00a0Request creimbursement for any kind of loss incurred due to unlawful processing of his Personal Data.<\/span><\/p>\n<p>[\/vc_column_text][\/vc_column_inner][\/vc_row_inner][\/vc_column][\/vc_row]<\/p>\n","protected":false},"excerpt":{"rendered":"<p>[vc_row type=&#8221;vc_default&#8221; bg_type=&#8221;image&#8221; parallax_style=&#8221;vcpb-default&#8221; bg_image_new=&#8221;id^1366|url^http:\/\/www.iyiiletisim.com\/wp-content\/uploads\/2019\/10\/ic-sayfa-bg.jpg|caption^null|alt^null|title^ic sayfa bg|description^null&#8221; bg_image_repeat=&#8221;no-repeat&#8221; bg_image_posiiton=&#8221;50% 40%&#8221; bg_override=&#8221;ex-full&#8221; enable_overlay=&#8221;enable_overlay_value&#8221; overlay_color=&#8221;rgba(0,0,0,0.5)&#8221; overlay_pattern=&#8221;transperant&#8221; css=&#8221;.vc_custom_1611012690081{padding-top: 130px !important;padding-bottom: 50px !important;background-color: #0a0a0a !important;}&#8221;][vc_column offset=&#8221;vc_col-lg-offset-0 vc_col-md-offset-0 vc_col-sm-offset-0 vc_col-xs-12&#8243;][vc_row_inner content_placement=&#8221;middle&#8221; css=&#8221;.vc_custom_1572362638484{padding-top: 6% !important;padding-bottom: 6% !important;}&#8221;][vc_column_inner offset=&#8221;vc_col-lg-12 vc_col-md-12&#8243;][\/vc_column_inner][\/vc_row_inner][\/vc_column][\/vc_row][vc_row type=&#8221;vc_default&#8221; bg_type=&#8221;bg_color&#8221; css=&#8221;.vc_custom_1611041965472{padding-top: 40px !important;padding-bottom: 40px !important;}&#8221; bg_color_value=&#8221;#f7f7f7&#8243; el_id=&#8221;iyiiletisim&#8221;][vc_column offset=&#8221;vc_col-lg-offset-0 vc_col-lg-12 vc_col-md-offset-0 vc_col-md-12 vc_col-sm-offset-0 vc_col-xs-12&#8243;][vc_row_inner equal_height=&#8221;yes&#8221;][vc_column_inner css=&#8221;.vc_custom_1610581128683{padding-bottom: 70px !important;}&#8221; el_id=&#8221;iyiiletisim-title&#8221;][vc_column_text] Personal Data&hellip;<\/p>\n","protected":false},"author":1,"featured_media":0,"parent":0,"menu_order":0,"comment_status":"closed","ping_status":"closed","template":"","meta":[],"_links":{"self":[{"href":"https:\/\/www.iyiiletisim.com\/eng\/wp-json\/wp\/v2\/pages\/1515"}],"collection":[{"href":"https:\/\/www.iyiiletisim.com\/eng\/wp-json\/wp\/v2\/pages"}],"about":[{"href":"https:\/\/www.iyiiletisim.com\/eng\/wp-json\/wp\/v2\/types\/page"}],"author":[{"embeddable":true,"href":"https:\/\/www.iyiiletisim.com\/eng\/wp-json\/wp\/v2\/users\/1"}],"replies":[{"embeddable":true,"href":"https:\/\/www.iyiiletisim.com\/eng\/wp-json\/wp\/v2\/comments?post=1515"}],"version-history":[{"count":5,"href":"https:\/\/www.iyiiletisim.com\/eng\/wp-json\/wp\/v2\/pages\/1515\/revisions"}],"predecessor-version":[{"id":1543,"href":"https:\/\/www.iyiiletisim.com\/eng\/wp-json\/wp\/v2\/pages\/1515\/revisions\/1543"}],"wp:attachment":[{"href":"https:\/\/www.iyiiletisim.com\/eng\/wp-json\/wp\/v2\/media?parent=1515"}],"curies":[{"name":"wp","href":"https:\/\/api.w.org\/{rel}","templated":true}]}}